 - 18)?
-82
What is the value of (-14 - (31 - 40)) + 5 + 8 + -5?
3
Calculate (11 - (-2 - 34) - -10) + (15 + -18 - -12).
66
Evaluate 16 - (-18 - -19 - -4).
11
(1 - 14) + (2 - 17 - -15) - -19
6
What is the value of 42 - (21 - (-17 - 2 - -27))?
29
What is (6 - ((-9 - (4 + -12)) + -9 + 13)) + 43?
46
Evaluate 21 + (20 + -75 + 7 - -20).
-7
What is -606 + 650 + -2 + -17?
25
Evaluate 7 + (-70 + 67 + (-22 - 1) - (-4 - -1)).
-16
(-32 - 16) + -17 - -18
-47
Calculate 372 + -398 + 0 + 0 + -1 + -1 + 6.
-22
What is the value of 110 - (119 - (9 - -41))?
41
Evaluate (12 - -55) + (44 + 10 - 14 - 22).
85
Evaluate 72 - 104 - (-41 + -5).
14
Calculate 4 + -15 + 11 + (3 - -9) + -73.
-61
-21 + 42 + (-15 - (5 + -13))
14
Calculate -1 - (1 + -5 + (63 - 64) - 41).
45
What is 35 - (61 + -53 - (7 + -2 + -7))?
25
What is -33 + 62 + -107 - (3 + -1)?
-80
Calculate (68 - 14 - 44) + -18.
-8
Evaluate (0 - -7) + 2 + -54 + 35 - (-16 + -3).
9
What is -7 - 25 - -31 - (0 - -9) - 1?
-11
Calculate (31 - 0) + (-15 - -25) + 0 + -6 + 1.
36
Calculate 12 - (-29 + (30 - -22) + 20).
-31
(-11 - -13) + 10 + (54 - (7 + 2 + -9))
66
What is the value of 44 + (-2 + -3 - 4 - -6)?
41
What is (-36 - 1) + (5 - ((2 - 5) + (-19 - -18)))?
-28
1 + 50 + 30 + -5 + (9 - 51)
34
Calculate -3 - 0 - (-102 - -150 - -19).
-70
What is the value of -44 + (-38 - -97) - (-4 + -4 + 0 + 11)?
12
What is -16 + 11 + 49 - (-9 + 8 + -5 + 1)?
49
Calculate -138 - (136 + -75 - 211).
12
What is the value of (58 - 28) + -27 + 87 + 6 + -1 + -3?
92
What is the value of 0 + -13 - ((10 - 55) + 100 + 2)?
-70
(-2135 - -2061) + -2 + 101
25
Evaluate 10 + 8 + -8 - (-6 - -1 - (-68 - 5)).
-58
What is the value of -43 - (8 + -203 - -61)?
91
Calculate 60 - 60 - 79 - -134.
55
What is the value of 96 + -1 + -11 + ((39 - 37) + 35 - 32)?
89
(-28 + (-33 - -107) - -21) + -2 + (1 - 1)
65
What is 79 + -8 + -26 + 0 + (-3 - 1)?
41
5 - (-35 - -48 - -4)
-12
Evaluate 20 + 1 + (-23 - 10 - -50).
38
(14 + -14 + -24 - -18 - -12) + 107
113
What is ((-9 - 3) + 22 + 10 - 10) + 1 - 87?
-76
Calculate (-7 - 6 - (-33 - 10)) + -13 + -101.
-84
What is the value of (-21 - (-28 + 83)) + 100?
24
Evaluate (-39 - (-22 - -15)) + (8 - 2 - 0).
-26
Evaluate -20 + -39 + (0 - -22).
-37
What is -113 - -71 - (-28 + 22)?
-36
What is (3 + -1 - (-8 - 5)) + (-602 - -596)?
9
15 + -36 + 10 - ((0 - -57) + 1 + 2)
-71
Evaluate 47 + -135 + (117 - 55).
-26
What is the value of (6 + -11 - 4) + (-62 - -37) + 12?
-22
Evaluate (39 - -62) + -86 + -121.
-106
What is 5 + 20 + 6 + -18 + -9?
4
Calculate -4 + 24 + ((0 - 5) + -5 - -3) - 58.
-45
What is the value of (-19 - -8) + 4 - (19 - 33)?
7
Calculate 3 + (-38 - (0 + -25)) - -14.
4
Calculate (-2 - -26) + (-794 - -851) + -35.
46
What is (37 - 26) + (40 - 16)?
35
What is the value of -8 + (2 - (-27 - -13)) + -28?
-20
What is the value of -7 + -1 - (492 + -525)?
25
Evaluate 19 + 2 + -15 + (-46 - -105).
65
What is the value of 3 + -3 + 6 + (-5 - (17 - 32))?
16
What is the value of -37 + 3 + -10 + -10?
-54
-18 + (-11 + 20 - 8) - -20
3
What is (13 - (5 + -4 - -3)) + (-22 + 35 - 1)?
21
What is 23 + -13 + 0 + -11 - 47 - 17?
-65
Calculate -25 - (-127 + 34 + 28).
40
Calculate -19 + 3 + (39 + 31 - 13).
41
What is the value of (-2 + 32 - (-83 + 85)) + -5?
23
10 + (12 - -11) + -27 + 21
27
Calculate (1 - (-35 + 22) - -32) + -1.
45
Evaluate 126 + (-20 - ((3 - -62) + -42)).
83
What is the value of 1 + 3 + -13 + 2 + 0 - -7 - -14?
14
-4 - ((12 - 22) + 5 + 4 - -2)
-5
What is the value of (2 - (29 + -13 + -30)) + 9 + (0 - -2)?
27
Evaluate (1441 - 1402) + -47 + -3.
-11
Evaluate (-17 - -44) + -22 + 1 + 37.
43
What is -66 - (-29 - 49) - 68?
-56
Evaluate -2 + (97 + -18 - ((6 - 10) + 22)).
59
What is the value of 22 + (12 - 14) - (17 - 5)?
8
4 + -40 + (35 - 33 - -32)
-2
Evaluate -17 + -6 + -7 + 28 + 35.
33
What is 117 + (-238 - (-119 - -104))?
-106
What is 31 + -20 + 37 + -15 + 14?
47
Calculate 48 + 0 - (2 - (12 + 0 - (196 - 192))).
54
What is the value of 5 + 6 + 297 + -349?
-41
Evaluate -113 - (5 + -74) - (-1 + -169).
126
Evaluate -172 + 171 - (-55 + -21).
75
Evaluate 73 + -77 + (-175 - -159).
-20
Evaluate -6 + (51 + 30 - 4).
71
Calculate -8 + (104 - (15 + 10 + -30)).
101
What is the value of -43 - (3 + (-33 - -61) + -41)?
-33
What is -49 + (-26 - (-18 - 23))?
-34
Calculate 5 - (0 + (-33 - -6 - (9 - 10))).
31
Calculate 0 + 0 + -7 + 2 + (21 - 20) - -31.
27
-18 + 17 + (0 - 3) - (-117 - -63)
50
Evaluate (2 + -1 - 51) + (-8965 - -8972).
-43
93 - (60 + -11) - 86
-42
18 - 54 - (38 - 84) - -78
88
Evaluate 4 + (-23 - (-8 - 29)) - 22.
-4
Evaluate 69 + (-73 - -29 - -27) - 24.
28
What is the value of -2 + -35 - (109 + (-23 - 66))?
-57
What is the value of -22 - (-46 - -6) - 78 - (-5 + -4 + 13)?
-64
What is the value of 106 - ((-15 + 15 + 9 - 0) + -1)?
98
What is 16 - (20 + (-9 - 17)) - 24?
-2
Evaluate -11 - (-2 - (-9 + 13) - -5 - 6).
-4
Evaluate 0 + (0 - -20 - (40 + -25)).
5
(20 + -33 - -11) + -9
-11
Calculate -2 + 124 - (35 - (43 - 30 - -8)).
108
What is the value of 36 + (-31 - -15) + 1 + 39?
60
What is 12869 + -12829 + (3 - 25) + 1?
19
What is the value of -3 + (-12 - (5 + 14)) - (-10 - -7 - 9)?
-22
Evaluate -28 - (31 - ((-26 - 7) + 3)).
-89
Evaluate -1 + -5 + 3 + (4 - -3 - 62) - -10.
-48
Evaluate (-153 - -69) + 25 + 8.
-51
Calculate 70 + (-101 - -86) + 32.
87
What is the value of 3 + -9 - (-128 + 94)?
28
Calculate (-13 - -12) + 2 + (77 - (-3 + 8)) + -9.
64
Evaluate (1 - 4) + (-235 - -230) + 4 + 18.
14
Calculate -5 - 24 - (-151 + 138) - 9.
-25
(-4 + 13 + -7 - (-4 + 10 + 10)) + 15
1
Calculate 9 + -11 + (23 - 13) + 2 + 7 + 0.
17
What is 40 - 27 - (-6 + 9 + -21)?
31
Evaluate -27 - -8 - (30 + -10).
-39
Evaluate (-95 - -94 - (20 - 1)) + 5.
-15
What is 2 + -4 + (-2 - -8 - -6 - (5 + 0))?
5
Calculate -159 - ((-116 - 50) + 71).
-64
Calculate -55 - (10 - (-13 - -54)).
-24
What is (-16 - 24 - 60) + 77?
-23
What is (-421 - -430) + 0 + (-10 + 4 + 1 - 29)?
-25
Calculate 3 + (10 - (0 + 0) - (-144 - (131 + -247))).
41
What is the value of 560 - 598 - (7 + -1 - 1 - -3)?
-46
Calculate -135 - (4 + -193 + 104).
-50
(-5 - (-29 + 9 + 8)) + 28
35
What is the value of 0 + -9 + -114 + 66 + 15 + 8?
-34
Calculate 9450 + -9313 - (144 - -3).
-10
What is -6 - ((2 - -4) + -24) - (16 - 39)?
35
What is 12 + -4 + 5 - (31 + -16 + -3 - 56)?
57
What is (-10 - (-13 - (13 - 23 - 3))) + -18?
-28
(-1 - -13 - -3) + (0 - -1 - 4) + 5
17
Evaluate -99 + 163 + (-86 - 6).
-28
What is (-54 + -12 - -71) + 65?
70
What is -1 + (-16 - -1) + (-52 - 22) + 67?
-23
Calculate (-252 - -255) + -24 + 1.
-20
What is 170 + (-50 + 10 - -66) + -70?
126
(0 - (9 + 22 + -3)) + 49
21
Calculate -26 - (-2 + -5) - (10 + (-2 - -4)).
-31
23 + ((36 - 16) + -64 + 1 - -5)
-15
What is (-47 - 1) + (10 - (32 + -18 + -2 + -7))?
-43
Evaluate -86 - -88 - (49 + 0 + (1 - 2)).
-46
Calculate 88 + 13 + (34 - (24 - -29)).
82
Calculate (26 - (28 - 29)) + -1 + -103.
-77
Calculate 4 + (-6 - 1) + (16 - 12) + (-394 - -353).
-40
Calculate 3 + -32 - 5 - (5 - 14) - -2.
-23
Evaluate -96 + -32 + (-106 - -260).
26
What is the value of 89 - (37 + (-60 - (29 - 63)))?
78
14 + (959 - 987) + -9 + -1
-24
What is the value of 0 + (-5 - -40 - 49)?
-14
Evaluate (-1 - -125) + (-21221 - -21072).
-25
What is the value of 13 + 2 + -35 + 14 + (-1 - 3)?
-10
Calculate -25 + 31 + -88 + 58.
-24
What is -11 - (-42 - (6 - -2)) - 11 - -1?
29
What is -3 + 36 + -14 - (78 - -2) - -18?
-43
What is 1 - -1 - 1 - (-46 + 81 + -20 + 54)?
-68
Calculate -134 - -110 - (10 + 1).
-35
73 + -26 - 96 - -58
9
What is 1 - 4 - (32 - (9 + 36))?
10
Evaluate -20 - (-2 - -5) - (6 - (19 - 8)).
-18
(-3382 - -3446) + (-15 + 0 - (-5 - -6))
48
Evaluate (2 - 7) + 6 - (-16 - -23) - -26.
20
What is (-74 - -25) + (-2 + 9 - 18) + 1 + -10?
-69
Calculate 37 + -15 - (3 + 7 + 44).
-32
Evaluate -53 + 5 + -23 - -42.
-29
(-36 + 34 + (-21 - -6) - -24) + 1 + 4
12
Evaluate (-20 - (-99 + -4) - 6) + (-5 - 0) + -6.
66
What is the value of -120 - ((-139 - -14) + 5)?
0
Evaluate -3 + 14 - -2 - 0 - (545 + -515).
-17
Evaluate -500 - -542 - (23 - 2).
21
Calculate -1 - 12 - (36 - (18 + (-36 - -32))).
-35
Calculate -35 - (2 - (-2 - (16 - (10 + 3)))).
-42
What is 34 - 48 - -29 - (55 + 2)?
-42
What is the value of 13 + 1 - (31 + (38 - 64)) - -29?
38
What is the value of (-1 - (-3 + 4 + -7) - 40) + 1?
-34
-8 + (120 - 34 - 39)
39
What is the value of -